{"id":673,"date":"2021-11-17T23:00:47","date_gmt":"2021-11-17T23:00:47","guid":{"rendered":"http:\/\/reciclandojuntos.com.ar\/?page_id=673"},"modified":"2021-11-19T22:08:14","modified_gmt":"2021-11-19T22:08:14","slug":"tus-residuos-3","status":"publish","type":"page","link":"https:\/\/ciudaddecorrientes.gov.ar\/reciclandojuntos\/tus-residuos-3\/","title":{"rendered":"Tus Residuos"},"content":{"rendered":"<p>[et_pb_section fb_built=\u00bb1&#8243; _builder_version=\u00bb4.11.2&#8243; _module_preset=\u00bbdefault\u00bb custom_margin=\u00bb||||false|false\u00bb custom_padding=\u00bb0px||0px||false|false\u00bb global_colors_info=\u00bb{}\u00bb][et_pb_row _builder_version=\u00bb4.11.3&#8243; _module_preset=\u00bbdefault\u00bb width_tablet=\u00bb\u00bb width_phone=\u00bb95%\u00bb width_last_edited=\u00bbon|phone\u00bb custom_padding=\u00bb0px|0px|0px|0px|false|false\u00bb saved_tabs=\u00bball\u00bb global_colors_info=\u00bb{}\u00bb global_module=\u00bb1000&#8243;][et_pb_column type=\u00bb4_4&#8243; _builder_version=\u00bb4.11.1&#8243; _module_preset=\u00bbdefault\u00bb global_colors_info=\u00bb{}\u00bb][et_pb_slider show_arrows=\u00bboff\u00bb show_pagination=\u00bboff\u00bb use_bg_overlay=\u00bboff\u00bb _builder_version=\u00bb4.11.3&#8243; _module_preset=\u00bbdefault\u00bb header_font=\u00bbRaleway|900||on|||||\u00bb header_text_align=\u00bbleft\u00bb header_font_size=\u00bb67px\u00bb body_font=\u00bbRaleway|700|||||||\u00bb body_font_size=\u00bb47px\u00bb body_line_height=\u00bb0.9em\u00bb background_enable_color=\u00bboff\u00bb module_alignment=\u00bbleft\u00bb custom_margin=\u00bb||||false|false\u00bb custom_margin_tablet=\u00bb\u00bb custom_margin_phone=\u00bb\u00bb custom_margin_last_edited=\u00bbon|phone\u00bb custom_padding=\u00bb|0px|176px||false|false\u00bb custom_padding_tablet=\u00bb\u00bb custom_padding_phone=\u00bb||75px||false|false\u00bb custom_padding_last_edited=\u00bbon|phone\u00bb header_font_size_tablet=\u00bb\u00bb header_font_size_phone=\u00bb\u00bb header_font_size_last_edited=\u00bbon|desktop\u00bb body_font_size_tablet=\u00bb\u00bb body_font_size_phone=\u00bb\u00bb body_font_size_last_edited=\u00bbon|desktop\u00bb body_line_height_tablet=\u00bb\u00bb body_line_height_phone=\u00bb\u00bb body_line_height_last_edited=\u00bbon|desktop\u00bb global_colors_info=\u00bb{}\u00bb][et_pb_slide heading=\u00bbCORRIENTES\u00bb use_bg_overlay=\u00bboff\u00bb use_text_overlay=\u00bboff\u00bb content_tablet=\u00bb\u00a1Es hora<br \/>de darle valor<br \/>a tus residuos!\u00bb content_phone=\u00bb<\/p>\n<p>\u00a1Es hora<br \/>\nde darle valor<br \/>\na tus residuos!<\/p>\n<p>\u00bb content_last_edited=\u00bbon|phone\u00bb _builder_version=\u00bb4.11.3&#8243; _module_preset=\u00bbdefault\u00bb header_level=\u00bbh2&#8243; header_font=\u00bbRaleway|900||on|||||\u00bb header_text_align=\u00bbleft\u00bb body_font=\u00bbRaleway||||||||\u00bb body_text_align=\u00bbleft\u00bb background_enable_color=\u00bboff\u00bb background_image=\u00bbhttps:\/\/ciudaddecorrientes.gov.ar\/reciclandojuntos\/wp-content\/uploads\/2021\/11\/DJI_0221_1.jpg\u00bb background_enable_image=\u00bbon\u00bb transform_scale_last_edited=\u00bboff|desktop\u00bb transform_translate_last_edited=\u00bboff|desktop\u00bb transform_rotate_last_edited=\u00bboff|desktop\u00bb transform_skew_last_edited=\u00bboff|desktop\u00bb transform_origin_last_edited=\u00bboff|desktop\u00bb transform_styles_last_edited=\u00bboff|desktop\u00bb custom_padding=\u00bb42px|||0px|false|false\u00bb custom_padding_tablet=\u00bb\u00bb custom_padding_phone=\u00bb\u00bb custom_padding_last_edited=\u00bbon|desktop\u00bb header_font_size_tablet=\u00bb\u00bb header_font_size_phone=\u00bb33px\u00bb header_font_size_last_edited=\u00bbon|phone\u00bb body_font_size_tablet=\u00bb\u00bb body_font_size_phone=\u00bb20px\u00bb body_font_size_last_edited=\u00bbon|phone\u00bb global_colors_info=\u00bb{}\u00bb sticky_transition=\u00bbon\u00bb]<\/p>\n<p>Ciudad <br \/>Sustentable<\/p>\n<p>[\/et_pb_slide][\/et_pb_slider][\/et_pb_column][\/et_pb_row][et_pb_row disabled_on=\u00bboff|off|off\u00bb _builder_version=\u00bb4.11.3&#8243; _module_preset=\u00bbdefault\u00bb width_tablet=\u00bb\u00bb width_phone=\u00bb95%\u00bb width_last_edited=\u00bbon|phone\u00bb custom_padding=\u00bb0px|||||\u00bb global_colors_info=\u00bb{}\u00bb][et_pb_column type=\u00bb4_4&#8243; _builder_version=\u00bb4.11.2&#8243; _module_preset=\u00bbdefault\u00bb global_colors_info=\u00bb{}\u00bb][et_pb_text _builder_version=\u00bb4.11.3&#8243; _module_preset=\u00bbdefault\u00bb header_text_color=\u00bb#FFFFFF\u00bb header_font_size=\u00bb1px\u00bb custom_margin=\u00bb||0px||false|false\u00bb global_colors_info=\u00bb{}\u00bb]<\/p>\n<h1>Tus residuos<\/h1>\n<p>[\/et_pb_text][et_pb_image src=\u00bbhttps:\/\/ciudaddecorrientes.gov.ar\/reciclandojuntos\/wp-content\/uploads\/2021\/11\/separador-tus-residuos-web.png\u00bb title_text=\u00bbseparador tus residuos web\u00bb _builder_version=\u00bb4.11.3&#8243; _module_preset=\u00bbdefault\u00bb width_tablet=\u00bb\u00bb width_phone=\u00bb\u00bb width_last_edited=\u00bbon|phone\u00bb global_colors_info=\u00bb{}\u00bb][\/et_pb_image][et_pb_text content_tablet=\u00bb<\/p>\n<div style=%22float: left;%22>\n<p><img style=%22vertical-align: middle;%22 src=%22https:\/\/ciudaddecorrientes.gov.ar\/reciclandojuntos\/wp-content\/uploads\/2021\/10\/Vineta-reciclando.png%22 alt=%22%22 class=%22wp-image-394 alignnone size-full%22 width=%2240%22 \/>\u00bfQu\u00e9 es la separaci\u00f3n en origen y por qu\u00e9 es tan importante?<\/p>\n<\/div>\n<p>\u00bb content_phone=\u00bb<\/p>\n<div style=%22float: left;%22>\n<p><img style=%22vertical-align: middle;%22 src=%22https:\/\/ciudaddecorrientes.gov.ar\/reciclandojuntos\/wp-content\/uploads\/2021\/10\/Vineta-reciclando.png%22 alt=%22%22 class=%22wp-image-394 alignnone size-full%22 width=%2240%22 \/>\u00bfQu\u00e9 es la separaci\u00f3n en origen y por qu\u00e9 es tan importante?<\/p>\n<\/div>\n<p>\u00bb content_last_edited=\u00bbon|tablet\u00bb admin_label=\u00bbQu\u00e9 es la separaci\u00f3n en origen y por qu\u00e9 es\u00bb _builder_version=\u00bb4.11.2&#8243; _module_preset=\u00bbdefault\u00bb text_font=\u00bbRaleway||||||||\u00bb text_font_size=\u00bb24px\u00bb text_font_size_tablet=\u00bb\u00bb text_font_size_phone=\u00bb\u00bb text_font_size_last_edited=\u00bbon|desktop\u00bb global_colors_info=\u00bb{}\u00bb]<\/p>\n<div style=\"float: left;\">\n<p><img decoding=\"async\" style=\"vertical-align: middle;\" src=\"https:\/\/ciudaddecorrientes.gov.ar\/reciclandojuntos\/wp-content\/uploads\/2021\/10\/Vineta-reciclando.png\" alt=\"\" class=\"wp-image-394 alignnone size-full\" width=\"40\" \/>\u00bfQu\u00e9 es la separaci\u00f3n en origen y por qu\u00e9 es tan importante?<\/p>\n<\/div>\n<p>[\/et_pb_text][\/et_pb_column][\/et_pb_row][et_pb_row _builder_version=\u00bb4.11.3&#8243; _module_preset=\u00bbdefault\u00bb width_tablet=\u00bb\u00bb width_phone=\u00bb90%\u00bb width_last_edited=\u00bbon|phone\u00bb custom_margin=\u00bb-40px||||false|false\u00bb global_colors_info=\u00bb{}\u00bb][et_pb_column type=\u00bb4_4&#8243; _builder_version=\u00bb4.11.2&#8243; _module_preset=\u00bbdefault\u00bb global_colors_info=\u00bb{}\u00bb][et_pb_text _builder_version=\u00bb4.11.3&#8243; _module_preset=\u00bbdefault\u00bb text_font=\u00bbRaleway||||||||\u00bb text_font_size=\u00bb17px\u00bb global_colors_info=\u00bb{}\u00bb]<\/p>\n<p>La <strong>sepa<\/strong><strong>raci\u00f3n en origen<\/strong> es la clasificaci\u00f3n, seg\u00fan el tipo de material, de los residuos que se producen diariamente por las actividades de la sociedad, en el lugar en el que se generan.<br \/>El generador del residuo (grupo familiar, instituci\u00f3n, comercio, etc.) una vez clasificado el mismo, lo deposita en los lugares y horarios determinados para su retiro. De esta manera se logra el inicio de la gesti\u00f3n ordenada de los diferentes flujos de materiales hacia la industria de reciclaje.<\/p>\n<p>[\/et_pb_text][\/et_pb_column][\/et_pb_row][et_pb_row _builder_version=\u00bb4.11.3&#8243; _module_preset=\u00bbdefault\u00bb width_tablet=\u00bb\u00bb width_phone=\u00bb90%\u00bb width_last_edited=\u00bbon|phone\u00bb global_colors_info=\u00bb{}\u00bb][et_pb_column type=\u00bb4_4&#8243; _builder_version=\u00bb4.11.2&#8243; _module_preset=\u00bbdefault\u00bb global_colors_info=\u00bb{}\u00bb][et_pb_text content_tablet=\u00bb<\/p>\n<div style=%22float: left;%22>\n<p><img style=%22vertical-align: middle;%22 src=%22https:\/\/ciudaddecorrientes.gov.ar\/reciclandojuntos\/wp-content\/uploads\/2021\/10\/Vineta-reciclando.png%22 alt=%22%22 class=%22wp-image-394 alignnone size-full%22 width=%2240%22 \/>\u00bfC\u00f3mo separo mis residuos en casa?<\/p>\n<\/div>\n<p>\u00bb content_phone=\u00bb<\/p>\n<div style=%22float: left;%22>\n<p><img style=%22vertical-align: middle;%22 src=%22https:\/\/ciudaddecorrientes.gov.ar\/reciclandojuntos\/wp-content\/uploads\/2021\/10\/Vineta-reciclando.png%22 alt=%22%22 class=%22wp-image-394 alignnone size-full%22 width=%2240%22 \/>\u00bfC\u00f3mo separo mis residuos en casa?<\/p>\n<\/div>\n<p>\u00bb content_last_edited=\u00bbon|phone\u00bb admin_label=\u00bb\u00bfC\u00f3mo separo mis residuos en casa?\u00bb _builder_version=\u00bb4.11.2&#8243; _module_preset=\u00bbdefault\u00bb text_font=\u00bbRaleway||||||||\u00bb text_font_size=\u00bb24px\u00bb text_font_size_tablet=\u00bb\u00bb text_font_size_phone=\u00bb\u00bb text_font_size_last_edited=\u00bbon|desktop\u00bb global_colors_info=\u00bb{}\u00bb]<\/p>\n<div style=\"float: left;\">\n<p><img decoding=\"async\" style=\"vertical-align: middle;\" src=\"https:\/\/ciudaddecorrientes.gov.ar\/reciclandojuntos\/wp-content\/uploads\/2021\/10\/Vineta-reciclando.png\" alt=\"\" class=\"wp-image-394 alignnone size-full\" width=\"40\" \/>\u00bfC\u00f3mo separo mis residuos en casa?<\/p>\n<\/div>\n<p>[\/et_pb_text][et_pb_text _builder_version=\u00bb4.11.2&#8243; _module_preset=\u00bbdefault\u00bb text_font=\u00bbRaleway||||||||\u00bb text_font_size=\u00bb17px\u00bb global_colors_info=\u00bb{}\u00bb]&nbsp;<br \/>\n<strong>RECICLABLES<\/strong><br \/>\nMateriales potencialmente reciclables y reutilizables. Deben estar: LIMPIOS Y SECOS.[\/et_pb_text][et_pb_image src=\u00bbhttps:\/\/ciudaddecorrientes.gov.ar\/reciclandojuntos\/wp-content\/uploads\/2021\/10\/Reciclable.png\u00bb title_text=\u00bbReciclable\u00bb align=\u00bbcenter\u00bb _builder_version=\u00bb4.11.2&#8243; _module_preset=\u00bbdefault\u00bb animation_style=\u00bbslide\u00bb animation_direction=\u00bbright\u00bb global_colors_info=\u00bb{}\u00bb][\/et_pb_image][et_pb_text _builder_version=\u00bb4.11.2&#8243; _module_preset=\u00bbdefault\u00bb text_font=\u00bbRaleway||||||||\u00bb text_font_size=\u00bb17px\u00bb global_colors_info=\u00bb{}\u00bb]<strong>NO RECICLABLES<\/strong><br \/>\nTodos los residuos h\u00famedos org\u00e1nicos y los no aprovechables.[\/et_pb_text][et_pb_image src=\u00bbhttps:\/\/ciudaddecorrientes.gov.ar\/reciclandojuntos\/wp-content\/uploads\/2021\/10\/No-reciclable.png\u00bb title_text=\u00bbNo-reciclable\u00bb align=\u00bbcenter\u00bb _builder_version=\u00bb4.11.2&#8243; _module_preset=\u00bbdefault\u00bb animation_style=\u00bbslide\u00bb animation_direction=\u00bbleft\u00bb global_colors_info=\u00bb{}\u00bb][\/et_pb_image][et_pb_image src=\u00bbhttps:\/\/ciudaddecorrientes.gov.ar\/reciclandojuntos\/wp-content\/uploads\/2021\/10\/No-reciclable2-gustatitus-Desktop.png\u00bb title_text=\u00bbNo-reciclable2-gustatitus-Desktop\u00bb align=\u00bbcenter\u00bb _builder_version=\u00bb4.11.2&#8243; _module_preset=\u00bbdefault\u00bb animation_style=\u00bbslide\u00bb animation_direction=\u00bbright\u00bb global_colors_info=\u00bb{}\u00bb][\/et_pb_image][\/et_pb_column][\/et_pb_row][et_pb_row _builder_version=\u00bb4.11.3&#8243; _module_preset=\u00bbdefault\u00bb global_colors_info=\u00bb{}\u00bb][et_pb_column type=\u00bb4_4&#8243; _builder_version=\u00bb4.11.3&#8243; _module_preset=\u00bbdefault\u00bb global_colors_info=\u00bb{}\u00bb][et_pb_image src=\u00bbhttps:\/\/ciudaddecorrientes.gov.ar\/reciclandojuntos\/wp-content\/uploads\/2021\/10\/Gif-todo-junto-es-basura.gif\u00bb title_text=\u00bbtodo junto es basura\u00bb _builder_version=\u00bb4.11.3&#8243; _module_preset=\u00bbdefault\u00bb global_colors_info=\u00bb{}\u00bb][\/et_pb_image][\/et_pb_column][\/et_pb_row][et_pb_row _builder_version=\u00bb4.11.3&#8243; _module_preset=\u00bbdefault\u00bb global_colors_info=\u00bb{}\u00bb][et_pb_column type=\u00bb4_4&#8243; _builder_version=\u00bb4.11.3&#8243; _module_preset=\u00bbdefault\u00bb global_colors_info=\u00bb{}\u00bb][et_pb_text _builder_version=\u00bb4.11.3&#8243; _dynamic_attributes=\u00bblink_option_url\u00bb _module_preset=\u00bbdefault\u00bb text_font=\u00bbRaleway||||||||\u00bb text_font_size=\u00bb17px\u00bb link_option_url=\u00bb@ET-DC@eyJkeW5hbWljIjp0cnVlLCJjb250ZW50IjoiaG9tZV91cmwiLCJzZXR0aW5ncyI6e319@\u00bb global_colors_info=\u00bb{}\u00bb]<\/p>\n<p style=\"text-align: center;\"><span style=\"text-decoration: underline;\"><strong>Volver<\/strong><\/span><\/p>\n<p>[\/et_pb_text][\/et_pb_column][\/et_pb_row][et_pb_row column_structure=\u00bb1_5,1_5,1_5,1_5,1_5&#8243; disabled_on=\u00bboff|on|on\u00bb _builder_version=\u00bb4.11.3&#8243; _module_preset=\u00bbdefault\u00bb background_color=\u00bb#bfdfce\u00bb width_tablet=\u00bb\u00bb width_phone=\u00bb95%\u00bb width_last_edited=\u00bbon|phone\u00bb custom_padding=\u00bb|31px||31px|false|false\u00bb global_module=\u00bb962&#8243; saved_tabs=\u00bball\u00bb global_colors_info=\u00bb{}\u00bb][et_pb_column type=\u00bb1_5&#8243; module_class=\u00bbtrescolumnas\u00bb _builder_version=\u00bb4.11.2&#8243; _module_preset=\u00bbdefault\u00bb global_colors_info=\u00bb{}\u00bb][et_pb_image src=\u00bbhttps:\/\/ciudaddecorrientes.gov.ar\/reciclandojuntos\/wp-content\/uploads\/2021\/10\/Tus-residuos.png\u00bb title_text=\u00bbTus residuos\u00bb url=\u00bb@ET-DC@eyJkeW5hbWljIjp0cnVlLCJjb250ZW50IjoicG9zdF9saW5rX3VybF9wYWdlIiwic2V0dGluZ3MiOnsicG9zdF9pZCI6IjY3MyJ9fQ==@\u00bb show_bottom_space_tablet=\u00bb\u00bb show_bottom_space_phone=\u00bboff\u00bb show_bottom_space_last_edited=\u00bbon|phone\u00bb module_id=\u00bbmyButton\u00bb _builder_version=\u00bb4.11.3&#8243; _dynamic_attributes=\u00bburl\u00bb _module_preset=\u00bbdefault\u00bb animation_style=\u00bbroll\u00bb background_last_edited=\u00bbon|desktop\u00bb animation_duration_last_edited=\u00bboff|desktop\u00bb animation_speed_curve_last_edited=\u00bboff|desktop\u00bb animation_repeat_last_edited=\u00bboff|desktop\u00bb global_colors_info=\u00bb{}\u00bb background__hover_enabled=\u00bboff|desktop\u00bb background_enable_color__hover=\u00bboff\u00bb][\/et_pb_image][et_pb_text _builder_version=\u00bb4.11.2&#8243; _module_preset=\u00bbdefault\u00bb text_font=\u00bbRaleway|500|||||||\u00bb text_font_size=\u00bb22px\u00bb text_orientation=\u00bbcenter\u00bb text_font_size_tablet=\u00bb\u00bb text_font_size_phone=\u00bb13px\u00bb text_font_size_last_edited=\u00bbon|desktop\u00bb global_colors_info=\u00bb{}\u00bb]<\/p>\n<p>Tus Residuos<\/p>\n<p>[\/et_pb_text][\/et_pb_column][et_pb_column type=\u00bb1_5&#8243; module_class=\u00bbtrescolumnas\u00bb _builder_version=\u00bb4.11.2&#8243; _module_preset=\u00bbdefault\u00bb global_colors_info=\u00bb{}\u00bb][et_pb_image src=\u00bbhttps:\/\/ciudaddecorrientes.gov.ar\/reciclandojuntos\/wp-content\/uploads\/2021\/10\/Puntos-verdes.png\u00bb title_text=\u00bbPuntos-verdes\u00bb url=\u00bb@ET-DC@eyJkeW5hbWljIjp0cnVlLCJjb250ZW50IjoicG9zdF9saW5rX3VybF9wYWdlIiwic2V0dGluZ3MiOnsicG9zdF9pZCI6IjY4NyJ9fQ==@\u00bb show_bottom_space=\u00bboff\u00bb _builder_version=\u00bb4.11.3&#8243; _dynamic_attributes=\u00bburl\u00bb _module_preset=\u00bbdefault\u00bb animation_style=\u00bbroll\u00bb global_colors_info=\u00bb{}\u00bb][\/et_pb_image][et_pb_text _builder_version=\u00bb4.11.2&#8243; _module_preset=\u00bbdefault\u00bb text_font=\u00bbRaleway|500|||||||\u00bb text_font_size=\u00bb22px\u00bb text_orientation=\u00bbcenter\u00bb text_font_size_tablet=\u00bb\u00bb text_font_size_phone=\u00bb12px\u00bb text_font_size_last_edited=\u00bbon|desktop\u00bb global_colors_info=\u00bb{}\u00bb]<\/p>\n<p>Puntos Verdes<\/p>\n<p>[\/et_pb_text][\/et_pb_column][et_pb_column type=\u00bb1_5&#8243; module_class=\u00bbtrescolumnas\u00bb _builder_version=\u00bb4.11.2&#8243; _module_preset=\u00bbdefault\u00bb global_colors_info=\u00bb{}\u00bb][et_pb_image src=\u00bbhttps:\/\/ciudaddecorrientes.gov.ar\/reciclandojuntos\/wp-content\/uploads\/2021\/10\/Eco-trueque.png\u00bb title_text=\u00bbEco-trueque\u00bb url=\u00bb@ET-DC@eyJkeW5hbWljIjp0cnVlLCJjb250ZW50IjoicG9zdF9saW5rX3VybF9wYWdlIiwic2V0dGluZ3MiOnsicG9zdF9pZCI6Ijc0MCJ9fQ==@\u00bb show_bottom_space=\u00bboff\u00bb _builder_version=\u00bb4.11.3&#8243; _dynamic_attributes=\u00bburl\u00bb _module_preset=\u00bbdefault\u00bb animation_style=\u00bbroll\u00bb global_colors_info=\u00bb{}\u00bb][\/et_pb_image][et_pb_text _builder_version=\u00bb4.11.2&#8243; _module_preset=\u00bbdefault\u00bb text_font=\u00bbRaleway|500|||||||\u00bb text_font_size=\u00bb22px\u00bb text_orientation=\u00bbcenter\u00bb text_font_size_tablet=\u00bb\u00bb text_font_size_phone=\u00bb14px\u00bb text_font_size_last_edited=\u00bbon|desktop\u00bb global_colors_info=\u00bb{}\u00bb]<\/p>\n<p>EcoTrueque<\/p>\n<p>[\/et_pb_text][et_pb_code _builder_version=\u00bb4.11.2&#8243; _module_preset=\u00bbdefault\u00bb global_colors_info=\u00bb{}\u00bb] <\/p>\n<style>.doscolumnas {<!-- [et_pb_line_break_holder] -->display: inline-block; <!-- [et_pb_line_break_holder] -->max-width :50%;<!-- [et_pb_line_break_holder] -->} <!-- [et_pb_line_break_holder] --><\/style>\n<p><!-- [et_pb_line_break_holder] --><\/p>\n<style>.trescolumnas {<!-- [et_pb_line_break_holder] -->display: inline-block; <!-- [et_pb_line_break_holder] -->max-width :33.33%;<!-- [et_pb_line_break_holder] -->} <\/style>\n<p>[\/et_pb_code][\/et_pb_column][et_pb_column type=\u00bb1_5&#8243; module_class=\u00bbtrescolumnas\u00bb _builder_version=\u00bb4.11.2&#8243; _module_preset=\u00bbdefault\u00bb global_colors_info=\u00bb{}\u00bb][et_pb_image src=\u00bbhttps:\/\/ciudaddecorrientes.gov.ar\/reciclandojuntos\/wp-content\/uploads\/2021\/10\/Economia-circular.png\u00bb title_text=\u00bbEconom\u00eda-circular\u00bb url=\u00bb@ET-DC@eyJkeW5hbWljIjp0cnVlLCJjb250ZW50IjoicG9zdF9saW5rX3VybF9wYWdlIiwic2V0dGluZ3MiOnsicG9zdF9pZCI6Ijc2NiJ9fQ==@\u00bb show_bottom_space=\u00bboff\u00bb _builder_version=\u00bb4.11.3&#8243; _dynamic_attributes=\u00bburl\u00bb _module_preset=\u00bbdefault\u00bb animation_style=\u00bbroll\u00bb global_colors_info=\u00bb{}\u00bb][\/et_pb_image][et_pb_text _builder_version=\u00bb4.11.2&#8243; _module_preset=\u00bbdefault\u00bb text_font=\u00bbRaleway|500|||||||\u00bb text_font_size=\u00bb22px\u00bb text_orientation=\u00bbcenter\u00bb text_font_size_tablet=\u00bb\u00bb text_font_size_phone=\u00bb15px\u00bb text_font_size_last_edited=\u00bbon|desktop\u00bb global_colors_info=\u00bb{}\u00bb]<\/p>\n<p>Econom\u00eda Circular<\/p>\n<p>[\/et_pb_text][\/et_pb_column][et_pb_column type=\u00bb1_5&#8243; module_class=\u00bbtrescolumnas\u00bb _builder_version=\u00bb4.11.3&#8243; _module_preset=\u00bbdefault\u00bb global_colors_info=\u00bb{}\u00bb][et_pb_image src=\u00bbhttps:\/\/ciudaddecorrientes.gov.ar\/reciclandojuntos\/wp-content\/uploads\/2021\/10\/Descacharrado.png\u00bb title_text=\u00bbDescacharrado\u00bb url=\u00bb@ET-DC@eyJkeW5hbWljIjp0cnVlLCJjb250ZW50IjoicG9zdF9saW5rX3VybF9wYWdlIiwic2V0dGluZ3MiOnsicG9zdF9pZCI6Ijc3MSJ9fQ==@\u00bb show_bottom_space=\u00bboff\u00bb _builder_version=\u00bb4.11.3&#8243; _dynamic_attributes=\u00bburl\u00bb _module_preset=\u00bbdefault\u00bb animation_style=\u00bbroll\u00bb global_colors_info=\u00bb{}\u00bb][\/et_pb_image][et_pb_text _builder_version=\u00bb4.11.2&#8243; _module_preset=\u00bbdefault\u00bb text_font=\u00bbRaleway|500|||||||\u00bb text_font_size=\u00bb22px\u00bb text_orientation=\u00bbcenter\u00bb text_font_size_tablet=\u00bb\u00bb text_font_size_phone=\u00bb15px\u00bb text_font_size_last_edited=\u00bbon|desktop\u00bb global_colors_info=\u00bb{}\u00bb]<\/p>\n<p>Descacharrado<\/p>\n<p>[\/et_pb_text][\/et_pb_column][\/et_pb_row][\/et_pb_section]<\/p>\n","protected":false},"excerpt":{"rendered":"<p>Ciudad SustentableTus residuos \u00bfQu\u00e9 es la separaci\u00f3n en origen y por qu\u00e9 es tan importante? La separaci\u00f3n en origen es la clasificaci\u00f3n, seg\u00fan el tipo de material, de los residuos que se producen diariamente por las actividades de la sociedad, en el lugar en el que se generan.El generador del residuo (grupo familiar, instituci\u00f3n, comercio, [&hellip;]<\/p>\n","protected":false},"author":1,"featured_media":0,"parent":0,"menu_order":0,"comment_status":"closed","ping_status":"closed","template":"","meta":{"_et_pb_use_builder":"on","_et_pb_old_content":"","_et_gb_content_width":"","footnotes":""},"class_list":["post-673","page","type-page","status-publish","hentry"],"_links":{"self":[{"href":"https:\/\/ciudaddecorrientes.gov.ar\/reciclandojuntos\/wp-json\/wp\/v2\/pages\/673","targetHints":{"allow":["GET"]}}],"collection":[{"href":"https:\/\/ciudaddecorrientes.gov.ar\/reciclandojuntos\/wp-json\/wp\/v2\/pages"}],"about":[{"href":"https:\/\/ciudaddecorrientes.gov.ar\/reciclandojuntos\/wp-json\/wp\/v2\/types\/page"}],"author":[{"embeddable":true,"href":"https:\/\/ciudaddecorrientes.gov.ar\/reciclandojuntos\/wp-json\/wp\/v2\/users\/1"}],"replies":[{"embeddable":true,"href":"https:\/\/ciudaddecorrientes.gov.ar\/reciclandojuntos\/wp-json\/wp\/v2\/comments?post=673"}],"version-history":[{"count":10,"href":"https:\/\/ciudaddecorrientes.gov.ar\/reciclandojuntos\/wp-json\/wp\/v2\/pages\/673\/revisions"}],"predecessor-version":[{"id":1026,"href":"https:\/\/ciudaddecorrientes.gov.ar\/reciclandojuntos\/wp-json\/wp\/v2\/pages\/673\/revisions\/1026"}],"wp:attachment":[{"href":"https:\/\/ciudaddecorrientes.gov.ar\/reciclandojuntos\/wp-json\/wp\/v2\/media?parent=673"}],"curies":[{"name":"wp","href":"https:\/\/api.w.org\/{rel}","templated":true}]}}